{"id":2688,"date":"2022-04-25T16:17:54","date_gmt":"2022-04-25T19:17:54","guid":{"rendered":"https:\/\/discoverytour.ar\/?page_id=2688"},"modified":"2022-04-25T16:22:48","modified_gmt":"2022-04-25T19:22:48","slug":"descubri-esquel","status":"publish","type":"page","link":"https:\/\/discoverytour.ar\/?page_id=2688","title":{"rendered":"#descubr\u00ed ESQUEL"},"content":{"rendered":"\n<p>Una de las paradas obligadas de la ruta 40, la pintoresca ciudad de <strong>Esquel<\/strong>, descansa sobre un verde valle cordillerano en la zona occidental de la provincia del Chubut. Su entorno natural es espectacular, al cual hay que dedicarle al menos 2 o 3 d\u00edas de tu viaje.<\/p>\n\n\n\n<p class=\"has-text-align-center\"><img decoding=\"async\" loading=\"lazy\" width=\"2560\" height=\"2560\" class=\"wp-image-2692\" style=\"width: 450px;\" src=\"https:\/\/discoverytour.ar\/wp-content\/uploads\/2022\/04\/Diapositiva3-scaled.jpg\" alt=\"\" srcset=\"https:\/\/discoverytour.ar\/wp-content\/uploads\/2022\/04\/Diapositiva3-scaled.jpg 2560w, https:\/\/discoverytour.ar\/wp-content\/uploads\/2022\/04\/Diapositiva3-300x300.jpg 300w, https:\/\/discoverytour.ar\/wp-content\/uploads\/2022\/04\/Diapositiva3-1024x1024.jpg 1024w, https:\/\/discoverytour.ar\/wp-content\/uploads\/2022\/04\/Diapositiva3-150x150.jpg 150w, https:\/\/discoverytour.ar\/wp-content\/uploads\/2022\/04\/Diapositiva3-768x768.jpg 768w, https:\/\/discoverytour.ar\/wp-content\/uploads\/2022\/04\/Diapositiva3-1536x1536.jpg 1536w, https:\/\/discoverytour.ar\/wp-content\/uploads\/2022\/04\/Diapositiva3-2048x2048.jpg 2048w, https:\/\/discoverytour.ar\/wp-content\/uploads\/2022\/04\/Diapositiva3-600x600.jpg 600w\" sizes=\"(max-width: 2560px) 100vw, 2560px\" \/><\/p>\n\n\n\n<p>Esquel, ciudad que concentra la actividad comercial de la regi\u00f3n, es la primera actriz en el anfiteatro natural formado por los cerros La Zeta, La Cruz y Nahuel Pan. Su nombre significa &#8220;lugar donde hay abrojos&#8221; o &#8220;tembladeral&#8221;, debido al mall\u00edn presente en la zona, surcada por el arroyo <em>Esquel<\/em>.<\/p>\n\n\n\n<p>Los inviernos son fr\u00edos con un alto \u00edndice de precipitaciones pluviales y n\u00edveas y los veranos son templados y soleados. Cerca de la monta\u00f1a hay microclimas especiales, ya que las diferencias de altitud permiten el pasaje de los vientos h\u00famedos del Pac\u00edfico.<\/p>\n\n\n\n<p><strong>Esquel<\/strong> es una <strong>ciudad peque\u00f1a<\/strong> y desde cualquier punto de ella se ven las <strong>altas monta\u00f1as<\/strong> que la rodean, al igual que en El Bols\u00f3n . Famosa por ser la <strong>estaci\u00f3n final de la Trochita<\/strong>, por su centro de esqu\u00ed<strong> La Hoya<\/strong> y el bello <strong>Parque Nacional Los Alerces<\/strong>.<\/p>\n\n\n\n<div class=\"wp-block-group is-layout-flow\"><div class=\"wp-block-group__inner-container\">\n<div class=\"wp-block-image\"><figure class=\"aligncenter size-large is-resized\"><img decoding=\"async\" loading=\"lazy\" src=\"https:\/\/discoverytour.ar\/wp-content\/uploads\/2022\/04\/Diapositiva9-1024x1024.jpg\" alt=\"\" class=\"wp-image-2693\" width=\"457\" height=\"457\" srcset=\"https:\/\/discoverytour.ar\/wp-content\/uploads\/2022\/04\/Diapositiva9-1024x1024.jpg 1024w, https:\/\/discoverytour.ar\/wp-content\/uploads\/2022\/04\/Diapositiva9-300x300.jpg 300w, https:\/\/discoverytour.ar\/wp-content\/uploads\/2022\/04\/Diapositiva9-150x150.jpg 150w, https:\/\/discoverytour.ar\/wp-content\/uploads\/2022\/04\/Diapositiva9-768x768.jpg 768w, https:\/\/discoverytour.ar\/wp-content\/uploads\/2022\/04\/Diapositiva9-1536x1536.jpg 1536w, https:\/\/discoverytour.ar\/wp-content\/uploads\/2022\/04\/Diapositiva9-2048x2048.jpg 2048w, https:\/\/discoverytour.ar\/wp-content\/uploads\/2022\/04\/Diapositiva9-600x600.jpg 600w\" sizes=\"(max-width: 457px) 100vw, 457px\" \/><\/figure><\/div>\n<\/div><\/div>\n\n\n\n<p>El centro de esqu\u00ed La Hoya atrae a los amantes de los deportes de nieve y es sede de la Fiesta Nacional del Esqu\u00ed, un importante evento que en los \u00faltimos a\u00f1os incorpor\u00f3 el Tetratlon.<\/p>\n\n\n\n<p>Tambi\u00e9n el arte se da cita en esta ciudad durante la celebraci\u00f3n de la Fiesta Provincial del Teatro.<\/p>\n\n\n\n<p>En el expreso patag\u00f3nico &#8220;La Trochita&#8221;, cuyo recorrido une a Esquel con El Mait\u00e9n, los visitantes pueden apreciar la belleza de la comarca de Los Alerces, con sus bosques milenarios y el violeta de los lupinos en flor.<\/p>\n\n\n\n<div class=\"wp-block-image\"><figure class=\"aligncenter size-large is-resized\"><img decoding=\"async\" loading=\"lazy\" src=\"https:\/\/discoverytour.ar\/wp-content\/uploads\/2022\/04\/Diapositiva6-1-1024x1024.jpg\" alt=\"\" class=\"wp-image-2695\" width=\"457\" height=\"457\" srcset=\"https:\/\/discoverytour.ar\/wp-content\/uploads\/2022\/04\/Diapositiva6-1-1024x1024.jpg 1024w, https:\/\/discoverytour.ar\/wp-content\/uploads\/2022\/04\/Diapositiva6-1-300x300.jpg 300w, https:\/\/discoverytour.ar\/wp-content\/uploads\/2022\/04\/Diapositiva6-1-150x150.jpg 150w, https:\/\/discoverytour.ar\/wp-content\/uploads\/2022\/04\/Diapositiva6-1-768x768.jpg 768w, https:\/\/discoverytour.ar\/wp-content\/uploads\/2022\/04\/Diapositiva6-1-1536x1536.jpg 1536w, https:\/\/discoverytour.ar\/wp-content\/uploads\/2022\/04\/Diapositiva6-1-2048x2048.jpg 2048w, https:\/\/discoverytour.ar\/wp-content\/uploads\/2022\/04\/Diapositiva6-1-600x600.jpg 600w\" sizes=\"(max-width: 457px) 100vw, 457px\" \/><\/figure><\/div>\n\n\n\n<p>Quienes visiten la ciudad de Esquel podr\u00e1n disfrutar de diversas actividades de monta\u00f1a: senderismo, rafting, cabalgatas, paseos por estancias, escalada y circuitos lacustres.<\/p>\n\n\n\n<p>Sus r\u00edos son destino obligado de los pescadores con mosca en busca de calma y privacidad.<\/p>\n\n\n\n<p>Toda la zona, o podr\u00eda decirse casi toda la provincia, empez\u00f3 a poblarse sobre todo a partir de 1865, con la llegada de los <strong>colonos galeses<\/strong>. Si bien \u00abesquel\u00bb no es una palabra que derive del gal\u00e9s sino de la lengua tehuelche, <strong>su vecina Trevelin<\/strong> s\u00ed que tiene un nombre gal\u00e9s que significa <strong>Pueblo del Molino<\/strong> (Trelew significa Pueblo de Lewis).<\/p>\n\n\n\n<div class=\"wp-block-image\"><figure class=\"aligncenter size-large is-resized\"><img decoding=\"async\" loading=\"lazy\" src=\"https:\/\/discoverytour.ar\/wp-content\/uploads\/2022\/04\/Diapositiva10-1024x1024.jpg\" alt=\"\" class=\"wp-image-2696\" width=\"457\" height=\"457\" srcset=\"https:\/\/discoverytour.ar\/wp-content\/uploads\/2022\/04\/Diapositiva10-1024x1024.jpg 1024w, https:\/\/discoverytour.ar\/wp-content\/uploads\/2022\/04\/Diapositiva10-300x300.jpg 300w, https:\/\/discoverytour.ar\/wp-content\/uploads\/2022\/04\/Diapositiva10-150x150.jpg 150w, https:\/\/discoverytour.ar\/wp-content\/uploads\/2022\/04\/Diapositiva10-768x768.jpg 768w, https:\/\/discoverytour.ar\/wp-content\/uploads\/2022\/04\/Diapositiva10-1536x1536.jpg 1536w, https:\/\/discoverytour.ar\/wp-content\/uploads\/2022\/04\/Diapositiva10-2048x2048.jpg 2048w, https:\/\/discoverytour.ar\/wp-content\/uploads\/2022\/04\/Diapositiva10-600x600.jpg 600w\" sizes=\"(max-width: 457px) 100vw, 457px\" \/><\/figure><\/div>\n\n\n\n<p><\/p>\n\n\n\n<p>En DISCOVERY TOUR te ofrecemos m\u00faltiples opciones para que visites Esquel con las mejores propuestas. Para conocer m\u00e1s hac\u00e9 <a href=\"https:\/\/discoverytour.ar\/?post_type=itineraries&amp;s=&amp;itinerary_types=0&amp;travel_locations=esquel&amp;wp-travel_search=Buscar\">click aqu\u00ed<\/a><\/p>\n","protected":false},"excerpt":{"rendered":"<p>Una de las paradas obligadas de la ruta 40, la pintoresca ciudad de Esquel, descansa sobre un verde valle cordillerano en la zona occidental de&hellip;<\/p>\n","protected":false},"author":1,"featured_media":2691,"parent":0,"menu_order":0,"comment_status":"closed","ping_status":"closed","template":"","meta":[],"yoast_head":"<!-- This site is optimized with the Yoast SEO plugin v18.9 - https:\/\/yoast.com\/wordpress\/plugins\/seo\/ -->\n<title>#descubr\u00ed ESQUEL - Discovery Tour Argentina<\/title>\n<meta name=\"robots\" content=\"index, follow, max-snippet:-1, max-image-preview:large, max-video-preview:-1\" \/>\n<link rel=\"canonical\" href=\"https:\/\/discoverytour.ar\/?page_id=2688\" \/>\n<meta property=\"og:locale\" content=\"es_ES\" \/>\n<meta property=\"og:type\" content=\"article\" \/>\n<meta property=\"og:title\" content=\"#descubr\u00ed ESQUEL - Discovery Tour Argentina\" \/>\n<meta property=\"og:description\" content=\"Una de las paradas obligadas de la ruta 40, la pintoresca ciudad de Esquel, descansa sobre un verde valle cordillerano en la zona occidental de&hellip;\" \/>\n<meta property=\"og:url\" content=\"https:\/\/discoverytour.ar\/?page_id=2688\" \/>\n<meta property=\"og:site_name\" content=\"Discovery Tour Argentina\" \/>\n<meta property=\"article:modified_time\" content=\"2022-04-25T19:22:48+00:00\" \/>\n<meta property=\"og:image\" content=\"https:\/\/discoverytour.ar\/wp-content\/uploads\/2022\/04\/esquel-trevelin1.jpg\" \/>\n\t<meta property=\"og:image:width\" content=\"1080\" \/>\n\t<meta property=\"og:image:height\" content=\"1350\" \/>\n\t<meta property=\"og:image:type\" content=\"image\/jpeg\" \/>\n<meta name=\"twitter:card\" content=\"summary_large_image\" \/>\n<meta name=\"twitter:label1\" content=\"Tiempo de lectura\" \/>\n\t<meta name=\"twitter:data1\" content=\"3 minutos\" \/>\n<script type=\"application\/ld+json\" class=\"yoast-schema-graph\">{\"@context\":\"https:\/\/schema.org\",\"@graph\":[{\"@type\":\"Organization\",\"@id\":\"https:\/\/discoverytour.ar\/#organization\",\"name\":\"Discovery Tour\",\"url\":\"https:\/\/discoverytour.ar\/\",\"sameAs\":[],\"logo\":{\"@type\":\"ImageObject\",\"inLanguage\":\"es-AR\",\"@id\":\"https:\/\/discoverytour.ar\/#\/schema\/logo\/image\/\",\"url\":\"https:\/\/discoverytour.ar\/wp-content\/uploads\/2020\/10\/imagen-5.png\",\"contentUrl\":\"https:\/\/discoverytour.ar\/wp-content\/uploads\/2020\/10\/imagen-5.png\",\"width\":423,\"height\":144,\"caption\":\"Discovery Tour\"},\"image\":{\"@id\":\"https:\/\/discoverytour.ar\/#\/schema\/logo\/image\/\"}},{\"@type\":\"WebSite\",\"@id\":\"https:\/\/discoverytour.ar\/#website\",\"url\":\"https:\/\/discoverytour.ar\/\",\"name\":\"Discovery Tour Argentina :: Viajes\",\"description\":\"Viajes, Turismo, Destinos, Viajeros, Argentina y el mundo\",\"publisher\":{\"@id\":\"https:\/\/discoverytour.ar\/#organization\"},\"potentialAction\":[{\"@type\":\"SearchAction\",\"target\":{\"@type\":\"EntryPoint\",\"urlTemplate\":\"https:\/\/discoverytour.ar\/?s={search_term_string}\"},\"query-input\":\"required name=search_term_string\"}],\"inLanguage\":\"es-AR\"},{\"@type\":\"ImageObject\",\"inLanguage\":\"es-AR\",\"@id\":\"https:\/\/discoverytour.ar\/?page_id=2688#primaryimage\",\"url\":\"https:\/\/discoverytour.ar\/wp-content\/uploads\/2022\/04\/esquel-trevelin1.jpg\",\"contentUrl\":\"https:\/\/discoverytour.ar\/wp-content\/uploads\/2022\/04\/esquel-trevelin1.jpg\",\"width\":1080,\"height\":1350},{\"@type\":\"WebPage\",\"@id\":\"https:\/\/discoverytour.ar\/?page_id=2688#webpage\",\"url\":\"https:\/\/discoverytour.ar\/?page_id=2688\",\"name\":\"#descubr\u00ed ESQUEL - Discovery Tour Argentina\",\"isPartOf\":{\"@id\":\"https:\/\/discoverytour.ar\/#website\"},\"primaryImageOfPage\":{\"@id\":\"https:\/\/discoverytour.ar\/?page_id=2688#primaryimage\"},\"datePublished\":\"2022-04-25T19:17:54+00:00\",\"dateModified\":\"2022-04-25T19:22:48+00:00\",\"breadcrumb\":{\"@id\":\"https:\/\/discoverytour.ar\/?page_id=2688#breadcrumb\"},\"inLanguage\":\"es-AR\",\"potentialAction\":[{\"@type\":\"ReadAction\",\"target\":[\"https:\/\/discoverytour.ar\/?page_id=2688\"]}]},{\"@type\":\"BreadcrumbList\",\"@id\":\"https:\/\/discoverytour.ar\/?page_id=2688#breadcrumb\",\"itemListElement\":[{\"@type\":\"ListItem\",\"position\":1,\"name\":\"Home\",\"item\":\"https:\/\/discoverytour.ar\/\"},{\"@type\":\"ListItem\",\"position\":2,\"name\":\"#descubr\u00ed ESQUEL\"}]}]}<\/script>\n<!-- \/ Yoast SEO plugin. -->","yoast_head_json":{"title":"#descubr\u00ed ESQUEL - Discovery Tour Argentina","robots":{"index":"index","follow":"follow","max-snippet":"max-snippet:-1","max-image-preview":"max-image-preview:large","max-video-preview":"max-video-preview:-1"},"canonical":"https:\/\/discoverytour.ar\/?page_id=2688","og_locale":"es_ES","og_type":"article","og_title":"#descubr\u00ed ESQUEL - Discovery Tour Argentina","og_description":"Una de las paradas obligadas de la ruta 40, la pintoresca ciudad de Esquel, descansa sobre un verde valle cordillerano en la zona occidental de&hellip;","og_url":"https:\/\/discoverytour.ar\/?page_id=2688","og_site_name":"Discovery Tour Argentina","article_modified_time":"2022-04-25T19:22:48+00:00","og_image":[{"width":1080,"height":1350,"url":"https:\/\/discoverytour.ar\/wp-content\/uploads\/2022\/04\/esquel-trevelin1.jpg","type":"image\/jpeg"}],"twitter_card":"summary_large_image","twitter_misc":{"Tiempo de lectura":"3 minutos"},"schema":{"@context":"https:\/\/schema.org","@graph":[{"@type":"Organization","@id":"https:\/\/discoverytour.ar\/#organization","name":"Discovery Tour","url":"https:\/\/discoverytour.ar\/","sameAs":[],"logo":{"@type":"ImageObject","inLanguage":"es-AR","@id":"https:\/\/discoverytour.ar\/#\/schema\/logo\/image\/","url":"https:\/\/discoverytour.ar\/wp-content\/uploads\/2020\/10\/imagen-5.png","contentUrl":"https:\/\/discoverytour.ar\/wp-content\/uploads\/2020\/10\/imagen-5.png","width":423,"height":144,"caption":"Discovery Tour"},"image":{"@id":"https:\/\/discoverytour.ar\/#\/schema\/logo\/image\/"}},{"@type":"WebSite","@id":"https:\/\/discoverytour.ar\/#website","url":"https:\/\/discoverytour.ar\/","name":"Discovery Tour Argentina :: Viajes","description":"Viajes, Turismo, Destinos, Viajeros, Argentina y el mundo","publisher":{"@id":"https:\/\/discoverytour.ar\/#organization"},"potentialAction":[{"@type":"SearchAction","target":{"@type":"EntryPoint","urlTemplate":"https:\/\/discoverytour.ar\/?s={search_term_string}"},"query-input":"required name=search_term_string"}],"inLanguage":"es-AR"},{"@type":"ImageObject","inLanguage":"es-AR","@id":"https:\/\/discoverytour.ar\/?page_id=2688#primaryimage","url":"https:\/\/discoverytour.ar\/wp-content\/uploads\/2022\/04\/esquel-trevelin1.jpg","contentUrl":"https:\/\/discoverytour.ar\/wp-content\/uploads\/2022\/04\/esquel-trevelin1.jpg","width":1080,"height":1350},{"@type":"WebPage","@id":"https:\/\/discoverytour.ar\/?page_id=2688#webpage","url":"https:\/\/discoverytour.ar\/?page_id=2688","name":"#descubr\u00ed ESQUEL - Discovery Tour Argentina","isPartOf":{"@id":"https:\/\/discoverytour.ar\/#website"},"primaryImageOfPage":{"@id":"https:\/\/discoverytour.ar\/?page_id=2688#primaryimage"},"datePublished":"2022-04-25T19:17:54+00:00","dateModified":"2022-04-25T19:22:48+00:00","breadcrumb":{"@id":"https:\/\/discoverytour.ar\/?page_id=2688#breadcrumb"},"inLanguage":"es-AR","potentialAction":[{"@type":"ReadAction","target":["https:\/\/discoverytour.ar\/?page_id=2688"]}]},{"@type":"BreadcrumbList","@id":"https:\/\/discoverytour.ar\/?page_id=2688#breadcrumb","itemListElement":[{"@type":"ListItem","position":1,"name":"Home","item":"https:\/\/discoverytour.ar\/"},{"@type":"ListItem","position":2,"name":"#descubr\u00ed ESQUEL"}]}]}},"_links":{"self":[{"href":"https:\/\/discoverytour.ar\/index.php?rest_route=\/wp\/v2\/pages\/2688"}],"collection":[{"href":"https:\/\/discoverytour.ar\/index.php?rest_route=\/wp\/v2\/pages"}],"about":[{"href":"https:\/\/discoverytour.ar\/index.php?rest_route=\/wp\/v2\/types\/page"}],"author":[{"embeddable":true,"href":"https:\/\/discoverytour.ar\/index.php?rest_route=\/wp\/v2\/users\/1"}],"replies":[{"embeddable":true,"href":"https:\/\/discoverytour.ar\/index.php?rest_route=%2Fwp%2Fv2%2Fcomments&post=2688"}],"version-history":[{"count":6,"href":"https:\/\/discoverytour.ar\/index.php?rest_route=\/wp\/v2\/pages\/2688\/revisions"}],"predecessor-version":[{"id":2702,"href":"https:\/\/discoverytour.ar\/index.php?rest_route=\/wp\/v2\/pages\/2688\/revisions\/2702"}],"wp:featuredmedia":[{"embeddable":true,"href":"https:\/\/discoverytour.ar\/index.php?rest_route=\/wp\/v2\/media\/2691"}],"wp:attachment":[{"href":"https:\/\/discoverytour.ar\/index.php?rest_route=%2Fwp%2Fv2%2Fmedia&parent=2688"}],"curies":[{"name":"wp","href":"https:\/\/api.w.org\/{rel}","templated":true}]}}